287?
8
What is the units digit of 485037?
7
What is the units digit of 11264140?
0
What is the millions digit of 1563688?
1
What is the ten thousands digit of 4506509?
0
What is the hundreds digit of 11998829?
8
What is the thousands digit of 1457281?
7
What is the hundred thousands digit of 1032090?
0
What is the hundred thousands digit of 1124896?
1
What is the ten millions digit of 17407579?
1
What is the hundreds digit of 4826?
8
What is the ten thousands digit of 16979317?
7
What is the hundreds digit of 405093?
0
What is the units digit of 3478560?
0
What is the hundred thousands digit of 329953?
3
What is the ten thousands digit of 10551363?
5
What is the hundred thousands digit of 938879?
9
What is the hundred thousands digit of 5811302?
8
What is the hundreds digit of 405498?
4
What is the thousands digit of 2661714?
1
What is the ten thousands digit of 5768145?
6
What is the tens digit of 13533336?
3
What is the units digit of 1918676?
6
What is the millions digit of 6373183?
6
What is the hundreds digit of 46613?
6
What is the hundreds digit of 33448815?
8
What is the millions digit of 3325000?
3
What is the ten thousands digit of 2636232?
3
What is the hundred thousands digit of 230175?
2
What is the hundreds digit of 1070943?
9
What is the thousands digit of 725099?
5
What is the units digit of 1135642?
2
What is the thousands digit of 252745?
2
What is the hundred thousands digit of 2088993?
0
What is the tens digit of 715311?
1
What is the hundreds digit of 368187?
1
What is the thousands digit of 1982534?
2
What is the hundreds digit of 668244?
2
What is the thousands digit of 6678579?
8
What is the units digit of 390321?
1
What is the ten thousands digit of 282908?
8
What is the ten thousands digit of 976813?
7
What is the tens digit of 2807199?
9
What is the millions digit of 20265985?
0
What is the hundreds digit of 940875?
8
What is the ten thousands digit of 5170826?
7
What is the thousands digit of 246893?
6
What is the ten thousands digit of 79245?
7
What is the hundreds digit of 5725341?
3
What is the ten thousands digit of 362504?
6
What is the tens digit of 39138?
3
What is the millions digit of 26158217?
6
What is the hundreds digit of 1182553?
5
What is the hundred thousands digit of 45567186?
5
What is the ten thousands digit of 26061372?
6
What is the tens digit of 1068744?
4
What is the thousands digit of 190897?
0
What is the ten thousands digit of 1484506?
8
What is the thousands digit of 862850?
2
What is the hundreds digit of 118602?
6
What is the tens digit of 754389?
8
What is the tens digit of 226514?
1
What is the thousands digit of 27832?
7
What is the thousands digit of 60244?
0
What is the ten thousands digit of 1114544?
1
What is the ten thousands digit of 967382?
6
What is the hundreds digit of 53503?
5
What is the thousands digit of 3586496?
6
What is the thousands digit of 22548097?
8
What is the tens digit of 25297660?
6
What is the hundreds digit of 7587739?
7
What is the hundred thousands digit of 32260972?
2
What is the thousands digit of 1677875?
7
What is the ten millions digit of 14570893?
1
What is the units digit of 302504?
4
What is the thousands digit of 74712?
4
What is the hundreds digit of 462475?
4
What is the units digit of 183422?
2
What is the ten thousands digit of 187345?
8
What is the hundreds digit of 7568149?
1
What is the units digit of 655584?
4
What is the hundreds digit of 570525?
5
What is the units digit of 269436?
6
What is the hundreds digit of 674726?
7
What is the millions digit of 1047977?
1
What is the thousands digit of 1967271?
7
What is the ten thousands digit of 46024?
4
What is the thousands digit of 305295?
5
What is the thousands digit of 3286309?
6
What is the thousands digit of 2235850?
5
What is the tens digit of 176206?
0
What is the hundreds digit of 4225299?
2
What is the units digit of 14482?
2
What is the hundreds digit of 958196?
1
What is the hundreds digit of 230004?
0
What is the hundred thousands digit of 1091155?
0
What is the hundreds digit of 613933?
9
What is the ten thousands digit of 794469?
9
What is the thousands digit of 246141?
6
What is the thousands digit of 458863?
8
What is the units digit of 2102935?
5
What is the ten thousands digit of 6361723?
6
What is the tens digit of 2282833?
3
What is the thousands digit of 1515?
1
What is the tens digit of 282781?
8
What is the units digit of 160798?
8
What is the ten millions digit of 15905203?
1
What is the hundreds digit of 1207?
2
What is the ten thousands digit of 158391?
5
What is the thousands digit of 301001?
1
What is the units digit of 3713235?
5
What is the hundreds digit of 8184130?
1
What is the tens digit of 5274693?
9
What is the ten thousands digit of 540560?
4
What is the millions digit of 4031231?
4
What is the thousands digit of 1695002?
5
What is the ten thousands digit of 2718274?
1
What is the hundred thousands digit of 2072578?
0
What is the hundred thousands digit of 9219144?
2
What is the ten millions digit of 30338830?
3
What is the thousands digit of 789111?
9
What is the hundred thousands digit of 150781?
1
What is the hundreds digit of 1034380?
3
What is the ten thousands digit of 17695411?
9
What is the thousands digit of 112197?
2
What is the hundred thousands digit of 1184423?
1
What is the hundreds digit of 2337411?
4
What is the hundreds digit of 246533?
5
What is the tens digit of 19367103?
0
What is the tens digit of 895399?
9
What is the thousands digit of 513558?
3
What is the tens digit of 8601380?
8
What is the hundreds digit of 1932227?
2
What is the hundred thousands digit of 573477?
5
What is the ten thousands digit of 3603365?
0
What is the hundreds digit of 2285225?
2
What is the millions digit of 23410022?
3
What is the tens digit of 8410551?
5
What is the ten thousands digit of 304392?
0
What is the thousands digit of 94747?
4
What is the tens digit of 4666551?
5
What is the tens digit of 161657?
5
What is the tens digit of 45014654?
5
What is the tens digit of 304062?
6
What is the millions digit of 2331023?
2
What is the hundred thousands digit of 1027848?
0
What is the ten thousands digit of 1973937?
7
What is the ten thousands digit of 3069399?
6
What is the millions digit of 8018811?
8
What is the millions digit of 4822489?
4
What is the thousands digit of 5782410?
2
What is the hundred thousands digit of 304034?
3
What is the units digit of 311826?
6
What is the tens digit of 13891801?
0
What is the units digit of 215302?
2
What is the thousands digit of 588940?
8
What is the units digit of 41317?
7
What is the thousands digit of 17171?
7
What is the millions digit of 4784867?
4
What is the hundred thousands digit of 329831?
3
What is the units digit of 777584?
4
What is the hundred thousands digit of 2532926?
5
What is the hundreds digit of 138383?
3
What is the units digit of 485342?
2
What is the units digit of 17408?
8
What is the millions digit of 4777024?
4
What is the ten thousands digit of 241872?
4
What is the ten thousands digit of 307631?
0
What is the thousands digit of 138164?
8
What is the units digit of 17907613?
3
What is the ten millions digit of 14059582?
1
What is the millions digit of 10011233?
0
What is the tens digit of 6356172?
7
What is the tens digit of 2625?
2
What is the ten thousands digit of 1129273?
2
What is the hundreds digit of 56453?
4
What is the thousands digit of 1516999?
6
What is the ten thousands digit of 3432040?
3
What is the ten thousands digit of 790102?
9
What is the millions digit of 1670097?
1
What is the hundred thousands digit of 295799?
2
What is the hundred thousands digit of 1162770?
1
What is the hundred thousands digit of 3248603?
2
What is the hundred thousands digit of 2207790?
2
What is the millions digit of 1136279?
1
What is the thousands digit of 141224?
1
What is the thousands digit of 32070869?
0
What is the ten millions digit of 16705578?
1
What is the units digit of 118258?
8
What is the units digit of 3582014?
4
What is the ten thousands digit of 4270965?
7
What is the tens digit of 63017?
1
What is the tens digit of 4660908?
0
What is the millions digit of 2452915?
2
What is the hundreds digit of 1319961?
9
What is the ten thousands digit of 330430?
3
What is the ten